{"id":90,"date":"2023-11-04T13:37:20","date_gmt":"2023-11-04T13:37:20","guid":{"rendered":"https:\/\/mularestaurante.es\/?page_id=90"},"modified":"2024-07-09T11:48:21","modified_gmt":"2024-07-09T11:48:21","slug":"el-restaurante","status":"publish","type":"page","link":"http:\/\/mularestaurante.es\/index.php\/el-restaurante\/","title":{"rendered":"El Restaurante"},"content":{"rendered":"\n<h2 class=\"wp-block-heading has-text-align-center\">Descubre el lugar<\/h2>\n\n\n\n<div style=\"height:19px\" aria-hidden=\"true\" class=\"wp-block-spacer\"><\/div>\n\n\n\n<div class=\"wp-block-columns is-layout-flex wp-container-core-columns-is-layout-9d6595d7 wp-block-columns-is-layout-flex\">\n<div class=\"wp-block-column is-layout-flow wp-block-column-is-layout-flow\">\n<h3 class=\"wp-block-heading\">La terraza<\/h3>\n\n\n\n<p>Disfruta de un espacio tranquilo al aire libre en una de nuestras terrazas cubiertas, un lugar perfecto para relajarse, compartir y saborear momentos especiales.<\/p>\n\n\n\n<figure class=\"wp-block-image size-large\"><img loading=\"lazy\" decoding=\"async\" width=\"1417\" height=\"1062\" src=\"https:\/\/mularestaurante.es\/wp-content\/uploads\/2023\/11\/7578bf32-be1d-4be2-8971-5e1cd2cfe4a0-edited.jpg\" alt=\"\" class=\"wp-image-94\" srcset=\"http:\/\/mularestaurante.es\/wp-content\/uploads\/2023\/11\/7578bf32-be1d-4be2-8971-5e1cd2cfe4a0-edited.jpg 1417w, http:\/\/mularestaurante.es\/wp-content\/uploads\/2023\/11\/7578bf32-be1d-4be2-8971-5e1cd2cfe4a0-edited-300x225.jpg 300w, http:\/\/mularestaurante.es\/wp-content\/uploads\/2023\/11\/7578bf32-be1d-4be2-8971-5e1cd2cfe4a0-edited-1024x767.jpg 1024w, http:\/\/mularestaurante.es\/wp-content\/uploads\/2023\/11\/7578bf32-be1d-4be2-8971-5e1cd2cfe4a0-edited-768x576.jpg 768w\" sizes=\"auto, (max-width: 1417px) 100vw, 1417px\" \/><\/figure>\n<\/div>\n\n\n\n<div class=\"wp-block-column is-layout-flow wp-block-column-is-layout-flow\">\n<h3 class=\"wp-block-heading\">El restaurante<\/h3>\n\n\n\n<p>En nuestra espaciosa sala encontrar\u00e1s un rinc\u00f3n de comodidad y versatilidad, ideal para disfrutar de deliciosas comidas, reuniones con amigos o eventos especiales.<\/p>\n\n\n\n<figure class=\"wp-block-image size-full is-resized\"><img loading=\"lazy\" decoding=\"async\" width=\"1440\" height=\"1080\" src=\"https:\/\/mularestaurante.es\/wp-content\/uploads\/2023\/11\/c6c87e2a-8ca1-46c2-a674-225ecd6b3381-2-edited.jpg\" alt=\"\" class=\"wp-image-207\" style=\"width:368px;height:auto\" srcset=\"http:\/\/mularestaurante.es\/wp-content\/uploads\/2023\/11\/c6c87e2a-8ca1-46c2-a674-225ecd6b3381-2-edited.jpg 1440w, http:\/\/mularestaurante.es\/wp-content\/uploads\/2023\/11\/c6c87e2a-8ca1-46c2-a674-225ecd6b3381-2-edited-300x225.jpg 300w, http:\/\/mularestaurante.es\/wp-content\/uploads\/2023\/11\/c6c87e2a-8ca1-46c2-a674-225ecd6b3381-2-edited-1024x768.jpg 1024w, http:\/\/mularestaurante.es\/wp-content\/uploads\/2023\/11\/c6c87e2a-8ca1-46c2-a674-225ecd6b3381-2-edited-768x576.jpg 768w\" sizes=\"auto, (max-width: 1440px) 100vw, 1440px\" \/><\/figure>\n<\/div>\n\n\n\n<div class=\"wp-block-column is-layout-flow wp-block-column-is-layout-flow\">\n<h3 class=\"wp-block-heading\">La barra<\/h3>\n\n\n\n<p>Nuestra barra, ba\u00f1ada por la luz natural, ofrece un espacio c\u00f3modo y espacioso para cualquier situaci\u00f3n, aqu\u00ed podr\u00e1s disfrutar de todo tipo de bebidas y aperitivos.<\/p>\n\n\n\n<figure class=\"wp-block-image size-full\"><img loading=\"lazy\" decoding=\"async\" width=\"765\" height=\"574\" src=\"https:\/\/mularestaurante.es\/wp-content\/uploads\/2023\/11\/2023-10-25-1-edited.jpg\" alt=\"\" class=\"wp-image-202\" srcset=\"http:\/\/mularestaurante.es\/wp-content\/uploads\/2023\/11\/2023-10-25-1-edited.jpg 765w, http:\/\/mularestaurante.es\/wp-content\/uploads\/2023\/11\/2023-10-25-1-edited-300x225.jpg 300w\" sizes=\"auto, (max-width: 765px) 100vw, 765px\" \/><\/figure>\n<\/div>\n<\/div>\n\n\n\n<div style=\"height:33px\" aria-hidden=\"true\" class=\"wp-block-spacer\"><\/div>\n\n\n\n<h2 class=\"wp-block-heading has-text-align-center\">Eventos<\/h2>\n\n\n\n<div class=\"wp-block-cover\" style=\"min-height:639px;aspect-ratio:unset;\"><span aria-hidden=\"true\" class=\"wp-block-cover__background has-background-dim-70 has-background-dim\"><\/span><img loading=\"lazy\" decoding=\"async\" width=\"2560\" height=\"1709\" class=\"wp-block-cover__image-background wp-image-210\" alt=\"\" src=\"https:\/\/mularestaurante.es\/wp-content\/uploads\/2023\/11\/mesa-puesta-foco-copas-platos-scaled.jpg\" data-object-fit=\"cover\" srcset=\"http:\/\/mularestaurante.es\/wp-content\/uploads\/2023\/11\/mesa-puesta-foco-copas-platos-scaled.jpg 2560w, http:\/\/mularestaurante.es\/wp-content\/uploads\/2023\/11\/mesa-puesta-foco-copas-platos-300x200.jpg 300w, http:\/\/mularestaurante.es\/wp-content\/uploads\/2023\/11\/mesa-puesta-foco-copas-platos-1024x683.jpg 1024w, http:\/\/mularestaurante.es\/wp-content\/uploads\/2023\/11\/mesa-puesta-foco-copas-platos-768x513.jpg 768w, http:\/\/mularestaurante.es\/wp-content\/uploads\/2023\/11\/mesa-puesta-foco-copas-platos-1536x1025.jpg 1536w, http:\/\/mularestaurante.es\/wp-content\/uploads\/2023\/11\/mesa-puesta-foco-copas-platos-2048x1367.jpg 2048w, http:\/\/mularestaurante.es\/wp-content\/uploads\/2023\/11\/mesa-puesta-foco-copas-platos-930x620.jpg 930w\" sizes=\"auto, (max-width: 2560px) 100vw, 2560px\" \/><div class=\"wp-block-cover__inner-container is-layout-constrained wp-block-cover-is-layout-constrained\">\n<p class=\"has-text-align-center\" style=\"font-size:30px\"><strong>En MULA queremos hacer tus momentos especiales a\u00fan m\u00e1s inolvidables.<\/strong><\/p>\n\n\n\n<p class=\"has-text-align-center has-medium-font-size\">Puedes reservar tus espacios preferidos del restaurante para celebrar cumplea\u00f1os, graduaciones, comuniones, cenas de empresa o cualquier ocasi\u00f3n especial. T\u00fa decides el lugar: ya sea en nuestra acogedora terraza, en la espaciosa sala interior o el local al completo\u2026 \u00a1Nos encargamos de hacer de tu evento un \u00e9xito!<\/p>\n\n\n\n<p class=\"has-text-align-center has-medium-font-size\">Adem\u00e1s, descubre nuestros <strong>men\u00fas cerrados para grupos<\/strong>, que se adaptan a cualquier celebraci\u00f3n. <\/p>\n\n\n\n<div class=\"wp-block-buttons is-content-justification-center is-layout-flex wp-container-core-buttons-is-layout-16018d1d wp-block-buttons-is-layout-flex\">\n<div class=\"wp-block-button has-custom-font-size is-style-secondary has-medium-font-size\"><a class=\"wp-block-button__link has-text-align-center wp-element-button\" href=\"https:\/\/mularestaurante.es\/index.php\/contacto-2\/\">Pide informaci\u00f3n aqu\u00ed<\/a><\/div>\n<\/div>\n<\/div><\/div>\n\n\n\n<div class=\"wp-block-group alignfull has-background-color has-white-color has-nv-site-bg-background-color has-text-color has-background has-link-color wp-elements-c9675466ea743ac3fbd5cee26bf73009 is-vertical is-content-justification-center is-layout-flex wp-container-core-group-is-layout-8adbaf51 wp-block-group-is-layout-flex\" style=\"min-height:40vh;margin-top:0;margin-bottom:0;padding-top:var(--wp--preset--spacing--60);padding-right:var(--wp--preset--spacing--40);padding-bottom:var(--wp--preset--spacing--60);padding-left:var(--wp--preset--spacing--40)\">\n<div class=\"wp-block-columns alignwide has-small-font-size is-layout-flex wp-container-core-columns-is-layout-9d6595d7 wp-block-columns-is-layout-flex\">\n<div class=\"wp-block-column is-layout-flow wp-block-column-is-layout-flow\">\n<p class=\"has-text-align-center\"><strong>Ubicaci\u00f3n<\/strong><\/p>\n\n\n\n<p class=\"has-text-align-center\" style=\"font-size:15px\">Plaza De Valpara\u00edso, 3 28016 Madrid, Espa\u00f1a<\/p>\n\n\n\n<div style=\"height:24px\" aria-hidden=\"true\" class=\"wp-block-spacer\"><\/div>\n<\/div>\n\n\n\n<div class=\"wp-block-column is-layout-flow wp-block-column-is-layout-flow\">\n<p class=\"has-text-align-center\"><strong>Contacto<\/strong><\/p>\n\n\n\n<p class=\"has-text-align-center\" style=\"font-size:20px\">914 57 91 39<\/p>\n\n\n\n<p class=\"has-text-align-center\" style=\"font-size:15px\">hola@mularestaurante.es<\/p>\n\n\n\n<div style=\"height:24px\" aria-hidden=\"true\" class=\"wp-block-spacer\"><\/div>\n<\/div>\n\n\n\n<div class=\"wp-block-column is-layout-flow wp-block-column-is-layout-flow\">\n<p class=\"has-text-align-center\"><strong>S\u00edguenos<\/strong><\/p>\n\n\n\n<p class=\"has-text-align-center\"><a href=\"https:\/\/www.instagram.com\/mularestaurante\/\" title=\"Instagram\">Instagram<\/a><\/p>\n\n\n\n<div style=\"height:24px\" aria-hidden=\"true\" class=\"wp-block-spacer\"><\/div>\n<\/div>\n<\/div>\n<\/div>\n","protected":false},"excerpt":{"rendered":"<p>Descubre el lugar La terraza Disfruta de un espacio tranquilo al aire libre en una de nuestras terrazas cubiertas, un lugar perfecto para relajarse, compartir y saborear momentos especiales. El restaurante En nuestra espaciosa sala encontrar\u00e1s un rinc\u00f3n de comodidad y versatilidad, ideal para disfrutar de deliciosas comidas, reuniones con amigos o eventos especiales. La&hellip;&nbsp;<a href=\"http:\/\/mularestaurante.es\/index.php\/el-restaurante\/\" class=\"\" rel=\"bookmark\">Leer m\u00e1s &raquo;<span class=\"screen-reader-text\">El Restaurante<\/span><\/a><\/p>\n","protected":false},"author":1,"featured_media":0,"parent":0,"menu_order":0,"comment_status":"closed","ping_status":"closed","template":"","meta":{"_monsterinsights_skip_tracking":false,"_monsterinsights_sitenote_active":false,"_monsterinsights_sitenote_note":"","_monsterinsights_sitenote_category":0,"_uf_show_specific_survey":0,"_uf_disable_surveys":false,"neve_meta_sidebar":"","neve_meta_container":"","neve_meta_enable_content_width":"","neve_meta_content_width":0,"neve_meta_title_alignment":"","neve_meta_author_avatar":"","neve_post_elements_order":"","neve_meta_disable_header":"","neve_meta_disable_footer":"","neve_meta_disable_title":"","footnotes":""},"class_list":["post-90","page","type-page","status-publish","hentry"],"aioseo_notices":[],"_links":{"self":[{"href":"http:\/\/mularestaurante.es\/index.php\/wp-json\/wp\/v2\/pages\/90","targetHints":{"allow":["GET"]}}],"collection":[{"href":"http:\/\/mularestaurante.es\/index.php\/wp-json\/wp\/v2\/pages"}],"about":[{"href":"http:\/\/mularestaurante.es\/index.php\/wp-json\/wp\/v2\/types\/page"}],"author":[{"embeddable":true,"href":"http:\/\/mularestaurante.es\/index.php\/wp-json\/wp\/v2\/users\/1"}],"replies":[{"embeddable":true,"href":"http:\/\/mularestaurante.es\/index.php\/wp-json\/wp\/v2\/comments?post=90"}],"version-history":[{"count":12,"href":"http:\/\/mularestaurante.es\/index.php\/wp-json\/wp\/v2\/pages\/90\/revisions"}],"predecessor-version":[{"id":299,"href":"http:\/\/mularestaurante.es\/index.php\/wp-json\/wp\/v2\/pages\/90\/revisions\/299"}],"wp:attachment":[{"href":"http:\/\/mularestaurante.es\/index.php\/wp-json\/wp\/v2\/media?parent=90"}],"curies":[{"name":"wp","href":"https:\/\/api.w.org\/{rel}","templated":true}]}}

<h2 class="wp-block-heading has-text-align-center">Descubre el lugar</h2>



<div style="height:19px" aria-hidden="true" class="wp-block-spacer"></div>



<div class="wp-block-columns is-layout-flex wp-container-core-columns-is-layout-9d6595d7 wp-block-columns-is-layout-flex">
<div class="wp-block-column is-layout-flow wp-block-column-is-layout-flow">
<h3 class="wp-block-heading">La terraza</h3>



<p>Disfruta de un espacio tranquilo al aire libre en una de nuestras terrazas cubiertas, un lugar perfecto para relajarse, compartir y saborear momentos especiales.</p>



<figure class="wp-block-image size-large"><img loading="lazy" decoding="async" width="1417" height="1062" src="https://mularestaurante.es/wp-content/uploads/2023/11/7578bf32-be1d-4be2-8971-5e1cd2cfe4a0-edited.jpg" alt="" class="wp-image-94" srcset="http://mularestaurante.es/wp-content/uploads/2023/11/7578bf32-be1d-4be2-8971-5e1cd2cfe4a0-edited.jpg 1417w, http://mularestaurante.es/wp-content/uploads/2023/11/7578bf32-be1d-4be2-8971-5e1cd2cfe4a0-edited-300x225.jpg 300w, http://mularestaurante.es/wp-content/uploads/2023/11/7578bf32-be1d-4be2-8971-5e1cd2cfe4a0-edited-1024x767.jpg 1024w, http://mularestaurante.es/wp-content/uploads/2023/11/7578bf32-be1d-4be2-8971-5e1cd2cfe4a0-edited-768x576.jpg 768w" sizes="auto, (max-width: 1417px) 100vw, 1417px" /></figure>
</div>



<div class="wp-block-column is-layout-flow wp-block-column-is-layout-flow">
<h3 class="wp-block-heading">El restaurante</h3>



<p>En nuestra espaciosa sala encontrarás un rincón de comodidad y versatilidad, ideal para disfrutar de deliciosas comidas, reuniones con amigos o eventos especiales.</p>



<figure class="wp-block-image size-full is-resized"><img loading="lazy" decoding="async" width="1440" height="1080" src="https://mularestaurante.es/wp-content/uploads/2023/11/c6c87e2a-8ca1-46c2-a674-225ecd6b3381-2-edited.jpg" alt="" class="wp-image-207" style="width:368px;height:auto" srcset="http://mularestaurante.es/wp-content/uploads/2023/11/c6c87e2a-8ca1-46c2-a674-225ecd6b3381-2-edited.jpg 1440w, http://mularestaurante.es/wp-content/uploads/2023/11/c6c87e2a-8ca1-46c2-a674-225ecd6b3381-2-edited-300x225.jpg 300w, http://mularestaurante.es/wp-content/uploads/2023/11/c6c87e2a-8ca1-46c2-a674-225ecd6b3381-2-edited-1024x768.jpg 1024w, http://mularestaurante.es/wp-content/uploads/2023/11/c6c87e2a-8ca1-46c2-a674-225ecd6b3381-2-edited-768x576.jpg 768w" sizes="auto, (max-width: 1440px) 100vw, 1440px" /></figure>
</div>



<div class="wp-block-column is-layout-flow wp-block-column-is-layout-flow">
<h3 class="wp-block-heading">La barra</h3>



<p>Nuestra barra, bañada por la luz natural, ofrece un espacio cómodo y espacioso para cualquier situación, aquí podrás disfrutar de todo tipo de bebidas y aperitivos.</p>



<figure class="wp-block-image size-full"><img loading="lazy" decoding="async" width="765" height="574" src="https://mularestaurante.es/wp-content/uploads/2023/11/2023-10-25-1-edited.jpg" alt="" class="wp-image-202" srcset="http://mularestaurante.es/wp-content/uploads/2023/11/2023-10-25-1-edited.jpg 765w, http://mularestaurante.es/wp-content/uploads/2023/11/2023-10-25-1-edited-300x225.jpg 300w" sizes="auto, (max-width: 765px) 100vw, 765px" /></figure>
</div>
</div>



<div style="height:33px" aria-hidden="true" class="wp-block-spacer"></div>



<h2 class="wp-block-heading has-text-align-center">Eventos</h2>



<div class="wp-block-cover" style="min-height:639px;aspect-ratio:unset;"><span aria-hidden="true" class="wp-block-cover__background has-background-dim-70 has-background-dim"></span><img loading="lazy" decoding="async" width="2560" height="1709" class="wp-block-cover__image-background wp-image-210" alt="" src="https://mularestaurante.es/wp-content/uploads/2023/11/mesa-puesta-foco-copas-platos-scaled.jpg" data-object-fit="cover" srcset="http://mularestaurante.es/wp-content/uploads/2023/11/mesa-puesta-foco-copas-platos-scaled.jpg 2560w, http://mularestaurante.es/wp-content/uploads/2023/11/mesa-puesta-foco-copas-platos-300x200.jpg 300w, http://mularestaurante.es/wp-content/uploads/2023/11/mesa-puesta-foco-copas-platos-1024x683.jpg 1024w, http://mularestaurante.es/wp-content/uploads/2023/11/mesa-puesta-foco-copas-platos-768x513.jpg 768w, http://mularestaurante.es/wp-content/uploads/2023/11/mesa-puesta-foco-copas-platos-1536x1025.jpg 1536w, http://mularestaurante.es/wp-content/uploads/2023/11/mesa-puesta-foco-copas-platos-2048x1367.jpg 2048w, http://mularestaurante.es/wp-content/uploads/2023/11/mesa-puesta-foco-copas-platos-930x620.jpg 930w" sizes="auto, (max-width: 2560px) 100vw, 2560px" /><div class="wp-block-cover__inner-container is-layout-constrained wp-block-cover-is-layout-constrained">
<p class="has-text-align-center" style="font-size:30px"><strong>En MULA queremos hacer tus momentos especiales aún más inolvidables.</strong></p>



<p class="has-text-align-center has-medium-font-size">Puedes reservar tus espacios preferidos del restaurante para celebrar cumpleaños, graduaciones, comuniones, cenas de empresa o cualquier ocasión especial. Tú decides el lugar: ya sea en nuestra acogedora terraza, en la espaciosa sala interior o el local al completo… ¡Nos encargamos de hacer de tu evento un éxito!</p>



<p class="has-text-align-center has-medium-font-size">Además, descubre nuestros <strong>menús cerrados para grupos</strong>, que se adaptan a cualquier celebración. </p>



<div class="wp-block-buttons is-content-justification-center is-layout-flex wp-container-core-buttons-is-layout-16018d1d wp-block-buttons-is-layout-flex">
<div class="wp-block-button has-custom-font-size is-style-secondary has-medium-font-size"><a class="wp-block-button__link has-text-align-center wp-element-button" href="https://mularestaurante.es/index.php/contacto-2/">Pide información aquí</a></div>
</div>
</div></div>



<div class="wp-block-group alignfull has-background-color has-white-color has-nv-site-bg-background-color has-text-color has-background has-link-color wp-elements-c9675466ea743ac3fbd5cee26bf73009 is-vertical is-content-justification-center is-layout-flex wp-container-core-group-is-layout-8adbaf51 wp-block-group-is-layout-flex" style="min-height:40vh;margin-top:0;margin-bottom:0;padding-top:var(--wp--preset--spacing--60);padding-right:var(--wp--preset--spacing--40);padding-bottom:var(--wp--preset--spacing--60);padding-left:var(--wp--preset--spacing--40)">
<div class="wp-block-columns alignwide has-small-font-size is-layout-flex wp-container-core-columns-is-layout-9d6595d7 wp-block-columns-is-layout-flex">
<div class="wp-block-column is-layout-flow wp-block-column-is-layout-flow">
<p class="has-text-align-center"><strong>Ubicación</strong></p>



<p class="has-text-align-center" style="font-size:15px">Plaza De Valparaíso, 3 28016 Madrid, España</p>



<div style="height:24px" aria-hidden="true" class="wp-block-spacer"></div>
</div>



<div class="wp-block-column is-layout-flow wp-block-column-is-layout-flow">
<p class="has-text-align-center"><strong>Contacto</strong></p>



<p class="has-text-align-center" style="font-size:20px">914 57 91 39</p>



<p class="has-text-align-center" style="font-size:15px">hola@mularestaurante.es</p>



<div style="height:24px" aria-hidden="true" class="wp-block-spacer"></div>
</div>



<div class="wp-block-column is-layout-flow wp-block-column-is-layout-flow">
<p class="has-text-align-center"><strong>Síguenos</strong></p>



<p class="has-text-align-center"><a href="https://www.instagram.com/mularestaurante/" title="Instagram">Instagram</a></p>



<div style="height:24px" aria-hidden="true" class="wp-block-spacer"></div>
</div>
</div>
</div>

<p>Descubre el lugar La terraza Disfruta de un espacio tranquilo al aire libre en una de nuestras terrazas cubiertas, un lugar perfecto para relajarse, compartir y saborear momentos especiales. El restaurante En nuestra espaciosa sala encontrarás un rincón de comodidad y versatilidad, ideal para disfrutar de deliciosas comidas, reuniones con amigos o eventos especiales. La&hellip;&nbsp;<a href="http://mularestaurante.es/index.php/el-restaurante/" class="" rel="bookmark">Leer más &raquo;<span class="screen-reader-text">El Restaurante</span></a></p>
